mon factor of j and 23?
23
Let r(o) = o**3 - 10*o**2 + 2*o - 5. Let i be r(10). Suppose 0 = -2*t - 2*s + 242, -4*t + 2*s = t - 598. Calculate the greatest common factor of t and i.
15
Let t(x) = -2*x + 40. Let v be t(17). Suppose w - 3 + v = 0. Let q be 6/w + 6/2. What is the greatest common divisor of 5 and q?
1
Let d = 25 + -25. Suppose 0*s - s + 28 = d. Calculate the greatest common factor of 112 and s.
28
Suppose -4*o = -5*o. Suppose o = -2*h - 45 + 111. What is the highest common factor of 297 and h?
33
Let m = 767 + -764. Calculate the greatest common divisor of 40 and m.
1
Let b(n) = -n + 0*n + 5*n - 2 - 3*n. Let x be b(2). Suppose m - 6*m + 25 = x. Calculate the greatest common divisor of 45 and m.
5
Suppose 3*y = -5*r - 0*y + 73, 0 = -5*r - 5*y + 65. Suppose 8*b + 1530 = 23*b. Calculate the greatest common divisor of r and b.
17
Let k be -58*(-7)/((-28)/(-8)). Let n = k - 80. Suppose -5*s + p = -18 - 251, s - p = 53. What is the greatest common divisor of s and n?
18
Suppose -2*b + 2*w + 30 = 4, 4*b - 3*w = 53. Suppose b*j = 11*j + 108. What is the greatest common divisor of j and 4?
4
Let q = -16739 + 16741. Let p(m) = 4 + m - 5 + 3. Let k be p(4). What is the greatest common factor of k and q?
2
Let j = 1142 + -496. What is the highest common divisor of 38 and j?
38
Let i(s) = -6*s**2 + 2*s - 2. Let p be i(1). Let f(h) = h + 8. Let z be f(p). Suppose -2*c - z*c = -140. What is the highest common factor of c and 7?
7
Suppose 0 = 7*c + 5 - 89. What is the greatest common divisor of 444 and c?
12
Let r(w) = -5*w**2 - 128*w - 62. Let x be r(-25). Calculate the highest common divisor of 221 and x.
13
Let c(k) be the first derivative of k**3/3 + 3*k**2 - 11*k - 13. Let u be c(-8). What is the greatest common divisor of 25 and u?
5
Suppose -10*j + 122 + 18 = 0. What is the highest common divisor of 224 and j?
14
Suppose -3*j = z - 7*j - 119, 0 = -z - 2*j + 143. Calculate the greatest common factor of z and 27.
27
Let n be (63/(-36))/((-4)/16). What is the greatest common factor of 371 and n?
7
Let l be 752*((-24 - -19) + (-22)/(-4)). Calculate the greatest common factor of 47 and l.
47
Suppose 7*k - 35 = -0. Calculate the highest common divisor of 95 and k.
5
Suppose -7382 + 1532 = -39*p. Calculate the greatest common factor of 75 and p.
75
Let n be (-2)/(-6) - (-235)/15. Let b be (0 - (-84)/9)*6. What is the greatest common factor of b and n?
8
Suppose -190 = -3*k + 4*a + 71, 4*a + 87 = k. What is the highest common factor of 2523 and k?
87
Suppose -6*d + 66 = -0*d. Suppose -d*n = -13*n. Suppose -y - 2*y + 21 = n. Calculate the highest common divisor of y and 21.
7
Suppose -2*k + 5*d = -7*k - 5, 4*k + 5*d = -9. Let f be -3 + 1 + 4 + 2. What is the highest common factor of k and f?
4
Let t = -8621 - -8819. Let b = -15 - -37. What is the greatest common factor of b and t?
22
Let f be (623 - (-1 - 0)) + 12. What is the greatest common factor of f and 60?
12
Let l be (-5)/15*-6 + 241. Calculate the greatest common factor of 18 and l.
9
Suppose -272 = -4*s + 4*i, -328 = -5*s + i - 2*i. Calculate the greatest common factor of 2 and s.
2
Let p be 3/(-2)*(-176)/6. Let a be 11/(p/20 - 2). Let o = a - 32. Calculate the greatest common factor of 92 and o.
23
Let l(y) = y**2 - 1. Let n be l(4). Suppose -4*k + 67 = n. Suppose 3*x + 4*f = x + 42, x - 17 = -f. What is the highest common factor of k and x?
13
Let u = 21 + -19. Suppose u*r - 5*r + 2*k + 9 = 0, -k = 5*r - 2. Let c be (r - 4) + 41 + -3. What is the highest common divisor of 14 and c?
7
Suppose -3*g + j - 4*j + 27 = 0, 5*j = 5*g - 45. Calculate the greatest common divisor of g and 51.
3
Let v(d) = -24*d - 17. Let c be v(-1). Suppose -2*b + 25 = 3*b. Let n be (8/b)/((-6)/(-105)). Calculate the highest common divisor of n and c.
7
Let y(b) = 9*b + 468. Let x be y(-36). What is the greatest common divisor of 4608 and x?
144
Let v(o) = -100*o + 230. Let m be v(2). What is the highest common factor of 1080 and m?
30
Suppose 30 = -105*p + 110*p. What is the greatest common factor of p and 21?
3
Let r = 25 + -22. Suppose r*j + 792 = 11*j. What is the highest common factor of 9 and j?
9
Let s be 1036/16 + 2/8. Calculate the highest common factor of 13 and s.
13
Let z = -126 + 152. What is the greatest common factor of z and 6?
2
Let j(f) = -2*f - 1. Let h be j(-2). Let x be 6 - (3/3 + 2). What is the greatest common divisor of h and x?
3
Let h(j) = j**3 + 8*j**2 - 7*j - 36. Let w be h(-6). Calculate the greatest common factor of 26 and w.
26
Let d = 571 + -298. What is the greatest common divisor of 21 and d?
21
Suppose 2*a = 4*b + 50, -5*b - 148 = 2*a - 153. What is the greatest common factor of a and 15?
15
Let u be (-2)/6 - 524/(-6). Suppose -h - 54 = -3*h + 2*g, 4*h + 3*g - u = 0. Calculate the highest common factor of 60 and h.
12
Let w be 24 - 3/3*0. Suppose 3*c - 260 - 202 = 0. Suppose 2*s - c - 374 = 0. What is the greatest common divisor of w and s?
24
Suppose 3*n = n, 5*n + 378 = -3*f. Let j be 5 - ((-5 - -6) + -212). Let m = j - f. Calculate the greatest common divisor of m and 38.
38
Suppose -6*i = -7*i - 1. Let z be (i - -4) + 4*(4 - -3). Calculate the greatest common factor of z and 62.
31
Let w = 383 + -332. Let a = -60 + 103. Let o = a + -26. Calculate the highest common divisor of w and o.
17
Suppose 0 = -71*v + 2269 + 4760. Let g = 75 - 42. Calculate the highest common divisor of g and v.
33
Let f(h) = h**3 + 8*h**2 + 7*h + 3. Let s be f(-7). Let y = s - -2. Calculate the greatest common factor of 10 and y.
5
Let n = -265 + 266. Let t be (1/2)/(8/16). Calculate the greatest common divisor of t and n.
1
Suppose z = -c - 3, -2*z + 3 = -c - 7*z. Let g be (-6)/(-2) + -3*(c - 4). Calculate the highest common divisor of g and 36.
12
Let j(w) = w**2 - 23*w + 213. Let r be j(13). Calculate the highest common factor of r and 581.
83
Let w(z) = z + 32. Let l be w(-14). What is the greatest common factor of l and 153?
9
Suppose 12 - 51 = -t. Let b = 25 - 19. Let c be (-116)/(-8) + (-9)/b. What is the highest common divisor of c and t?
13
Suppose 4*s = 5*s - 188. Calculate the highest common divisor of 47 and s.
47
Let v = -873 - -1083. Calculate the greatest common factor of v and 12.
6
Suppose z = -1 - 1. Let q be ((-3)/z)/((-3)/10). Let w = q + 13. Calculate the highest common divisor of w and 40.
8
Suppose 9*w = 24758 - 2330. Calculate the highest common divisor of 28 and w.
28
Let y be (-5)/(-3)*(17 - 2). Suppose -2*o + 1 + y = 0. Let j = 33 - 20. Calculate the highest common factor of j and o.
13
Let a(z) = -z**3 - 6*z**2 - 4*z. Let r be a(-6). Let q = -167 - -389. Suppose 5*d - 258 - q = 0. What is the highest common factor of d and r?
24
Suppose 2*q + 3*d = 1995, 0*q - q + 5*d = -965. Suppose 3*y + 0*y = q. What is the greatest common factor of 30 and y?
30
Let a = -467 + 471. Suppose -2*n + 12 = n. Calculate the greatest common divisor of n and a.
4
Suppose -7 = -a - 5. Suppose 0*p - a*p + 26 = 0. Let j = -9 + p. What is the highest common factor of 1 and j?
1
Let o be (-2)/(2*2/8). Let q be 24/(5 + -11) - -3. Let j be 39*o*q/12. Calculate the greatest common divisor of 52 and j.
13
Let h be ((-6)/(-5))/(90/6075). Calculate the highest common divisor of h and 9.
9
Let s be (-6)/1*2360/(-354). Calculate the highest common divisor of s and 830.
10
Let f(m) = 18*m - 214. Let t be f(14). Let j(n) = -n**3 - 19*n**2 - 24*n + 25. Let b be j(-18). What is the highest common factor of b and t?
19
Suppose 5*c = 5*k - 0*k, 0 = 3*k - c. Suppose 5*a = -4*o - 35, k*a - 4*o - 14 = -2*a. Let i be -1*(-4)/(-4) - a. What is the highest common factor of 6 and i?
2
Suppose v - 13 = -3. Let k be 27 - (-5 + v + -1). Suppose 5*z - 60 = 55. Calculate the highest common factor of z and k.
23
Suppose 0 = 59*y - 51*y - 128. What is the highest common factor of y and 1?
1
Suppose 5768 = 5*x + 2*q, 2*x + q = -q + 2312. What is the highest common factor of 72 and x?
72
Suppose -796*x - 1782 = -802*x. What is the highest common divisor of 81 and x?
27
Suppose -3*q + 532 = -2*g, q + 3*g - 182 = -12. Suppose 9*k - 52 = -4*f + 13*k, 3 = k. Calculate the greatest common divisor of f and q.
16
Let a be 26 + (2 - 3 - 3). Suppose 3*p - 108 = 57. What is the greatest common factor of p and a?
11
Suppose 3*u = 5*u - 10